?
False
Let b = 12 + -14. Let n be 4/((-4)/b - 1). Suppose 0 = 3*w - 4*w + n, 3*w + 99 = 3*m. Is m a composite number?
False
Let z(v) = 2*v**3 + 16*v**2 - 24*v + 23. Is z(14) a prime number?
True
Let t = 117 + -56. Let y = -6 + 36. Let k = t - y. Is k a prime number?
True
Let o be 1562/(-3) + (5/(-3))/5. Let n = 1672 + o. Is n composite?
False
Let x be 1/(2*(-1)/(-258)). Let u = 481 - x. Is (-8)/(-12) - u/(-3) prime?
False
Is 12011 + 0 + (-6 - (-60)/10) a composite number?
False
Let k(d) = 9*d**2 + d - 1. Let j be k(-6). Let f = j - 26. Is f composite?
True
Let n(s) = -20*s**3 - 2*s**2 + 6*s - 10. Let x be n(4). Let r = -347 - x. Suppose -3*w + r = -0*w. Is w composite?
False
Let z(h) be the second derivative of 55*h**3/6 + 7*h. Let f be z(1). Let c = -18 + f. Is c prime?
True
Is -5 + (-2)/1*-1 - -1660 a composite number?
False
Let m = -28 - -37. Let c = 4 - m. Is (-246)/(0/c + -2) prime?
False
Let i = -26 + 32. Suppose -h + 77 = i*h. Let p(u) = 22*u + 15. Is p(h) composite?
False
Suppose 27*p = 560160 - 220797. Is p a prime number?
True
Let j(p) = -12*p + 605. Is j(-9) composite?
True
Let s be 69/21 + (-8)/28. Suppose -s*n - 3*r + 779 = n, -n - 3*r + 206 = 0. Is n composite?
False
Let w(i) = -537*i + 235. Is w(-14) a prime number?
True
Suppose 9*f + 9 = 12*f. Suppose -z - z = -10, 2756 = f*j + z. Is j prime?
False
Let x(h) be the first derivative of 7*h**4/12 + h**3/3 + 5*h**2/2 + 2*h + 3. Let f(y) be the first derivative of x(y). Is f(8) a prime number?
False
Let v(b) = 3*b. Let x be v(1). Let o(c) = -c**3 + 4*c**2 + 2*c + 4. Let h be o(x). Let s = h - 9. Is s prime?
False
Suppose 2*u + 3*u - u = 0. Suppose 2*t = -u*t + 638. Is t a prime number?
False
Let h = 26 - 12. Is 25402/h + -1*12/28 a composite number?
True
Let n(o) = o**3 - 7*o**2 + 3. Suppose 6*r + 3*i = r + 38, 2 = 2*i. Let k be n(r). Suppose -k*v - v + 388 = 0. Is v prime?
True
Suppose 0 = 4*c + 4*y - 52256, c + 27*y = 25*y + 13061. Is c prime?
False
Suppose -4*f - 2 = -2*f. Is (f/2)/(3/(-1434)) a composite number?
False
Let z = -3 + 5. Let u = 21 - 16. Suppose -3*w + 87 = -z*j, 5*j - j = -u*w + 167. Is w composite?
False
Let n(r) = 445*r**2 - 2. Let w be n(-1). Let b = 464 + w. Is b a composite number?
False
Is (-2 - (-21)/9)*(328997 + -86) prime?
False
Suppose 0 = 5*v + 4*m - 3345, -3*v - 3*m + 3240 = 1236. Is v a prime number?
True
Suppose 37*q - 13*q - 120504 = 0. Is q a composite number?
False
Let d(z) = -z**3 + 3*z**2 + 6*z - 8 + 0 + 2*z**2 + 0*z**2. Let g be d(3). Let a = g + -14. Is a a composite number?
True
Let i = -13805 + 25174. Is i a composite number?
False
Is 14048 + -3 + 0 + (18 - 12) a composite number?
False
Suppose k = 3 + 3. Let w be 1276/k*(-5 - -8). Suppose 0 = 4*d - 6*d + w. Is d a composite number?
True
Let t = -102 - -104. Is ((-4623)/6)/((-1)/t) a prime number?
False
Let k(j) = 10*j**2 - 4*j - 95. Is k(13) composite?
False
Let i = 33030 + -20317. Is i a prime number?
True
Let b = 1305 + -926. Is b composite?
False
Let j(r) be the second derivative of r**4/8 - 5*r**3/3 + 7*r**2 + 8*r. Let a(n) be the first derivative of j(n). Is a(12) a composite number?
True
Suppose 0*b - 101 = -2*x + b, 209 = 4*x + 5*b. Let p be 3 - (x + -1) - -2. Let z = 82 - p. Is z prime?
True
Let h(y) = y**2 + 2*y**2 + 6 + 5 - 4 - 24*y. Is h(8) prime?
True
Let p(o) = o**2 - 2*o - 1. Let s be p(3). Suppose -s*w = -5*w - 4*n - 20, 0 = -5*w - 4*n - 20. Suppose 0 = -5*m - w*m + 2035. Is m a composite number?
True
Suppose 89*g - 55 = 84*g. Suppose -g*y + 1023 = -8*y. Is y a composite number?
True
Let j be (-6)/15 + (-2622)/(-30). Suppose -4*v = -c + j + 132, 2*c - 430 = 4*v. Is c a composite number?
False
Suppose 3*o - 9527 = -4*o. Is o prime?
True
Let h(l) be the third derivative of -l**5/60 - 7*l**4/12 - 5*l**3/3 + 7*l**2. Let o be h(-13). Suppose -b = o*g - 0*b - 109, 3*b - 179 = -5*g. Is g prime?
True
Let u(y) = 23*y**2 - 20*y - 12. Is u(9) composite?
True
Suppose -509 = -6*t + 661. Suppose 0*v + 4*v = -j + t, -342 = -2*j + 4*v. Is j composite?
False
Suppose 4*x - 204 = -4*o, -4*o + 2*o + 99 = 3*x. Let v = o - 21. Is v composite?
True
Let s be 24*(7/6 - (-2)/6). Suppose s*d - 1945 = 31*d. Is d a composite number?
False
Is 21995 - (7 + -10 + 7) prime?
True
Let p(z) = -z**3 + 8*z**2 + 2*z - 11. Let s be p(8). Suppose -3*j - 2302 = -4*w + 6530, -w + 2191 = -s*j. Suppose -h + 4*h = w. Is h prime?
False
Suppose 2*v = -3*v + 5, 0 = -5*y - 2*v + 8292. Suppose 0 = 2*a + 4*b - y - 9258, 12 = 4*b. Suppose -6*s + a = -4370. Is s prime?
True
Let n(y) = -378*y - 1. Let x be n(1). Let c = -723 - x. Let g = -153 - c. Is g a prime number?
True
Suppose 2*h - 41519 = w, h = -27*w + 31*w + 20749. Is h prime?
False
Suppose 5*p = 2*s + 6, 5*s + 3*p = s + 14. Is (4 - s)/(6/(-9)) - -617 a prime number?
False
Let n(l) = 184*l - 455. Is n(6) prime?
False
Let w(f) = -2*f**3 - 24*f**2 + 6*f - 19. Is w(-18) a composite number?
False
Let o(a) = -2592*a - 149. Is o(-4) a composite number?
True
Let f be (-16)/2*(-158)/8. Suppose 0*j = -5*j + 5*g + 375, 2*j + 2*g = f. Is j a composite number?
True
Suppose 39*n = 31*n + 142904. Is n a prime number?
True
Let f(r) = -r**2 - 6*r + 5. Let a be f(-6). Is 2/a*11720/16 a prime number?
True
Is ((-276583)/30 - 78/(-130))*-6 prime?
True
Suppose -12 = 3*z + 4*d, -z - 2*d = 2*z + 6. Let r(x) = 0*x**3 - 90 + 149 - x**3. Is r(z) a prime number?
True
Let a be 106/(-34) + (-4)/(-34). Is 816 - (-4 + 3 - a - 1) a prime number?
False
Let a(n) = 2251*n - 5. Let p be a(2). Suppose -5*z = -p + 572. Is z composite?
True
Let j be 54/(-4) + 3/6. Let y = j - -10. Is (y - -2)/((-3)/18) prime?
False
Let q(z) = z**2 - 7*z + 10. Let d be q(3). Is (-474)/(-9)*(1 - d) composite?
True
Let n(d) = 1 - 1 - 8 - 45*d. Let s(z) = -6*z**2 + 10*z + 1. Let y be s(2). Is n(y) prime?
True
Let k(z) = z**3 + 9*z**2 + 7*z + 12. Let c be k(-8). Suppose -p + 24 = -4*b - 5*p, 4*p = -3*b - c. Is 1 + ((-4)/b - -147) a composite number?
False
Suppose -r - 50612 = -2*j - 2341, -r = 5. Is j a composite number?
False
Let u(g) = g**3 - 8*g**2 + 11*g - 11. Let k = 24 + -19. Let p = 13 - k. Is u(p) a prime number?
False
Suppose -4*y - 6 = -6*y. Suppose -s - 4 = y*s + 5*u, 4*u + 2 = -2*s. Is s/(-2)*(671 - -3) prime?
True
Let q be 1/(8 - 3) - (-1)/(-5). Suppose 5*r - 11348 - 237 = q. Is r a prime number?
False
Let u(k) = -7*k - 26. Let h(w) = -13*w - 52. Let v(a) = -3*h(a) + 7*u(a). Is v(-6) a prime number?
False
Let f be (179 - -1)/((-3)/((-999)/18)). Suppose -f = -4*k + 2066. Is k a prime number?
False
Let c(f) = 138*f**2 + f + 2. Let v be c(-1). Suppose -4*y - 5*t - v = -670, 3*t = -3*y + 402. Suppose 168 = w - y. Is w prime?
True
Let a(h) = 153*h - 211. Is a(16) a prime number?
True
Is (-168)/112*7556/(-6) a composite number?
False
Let k be (-3)/(-6)*-8 + 553. Let p = k + 916. Is p a composite number?
True
Suppose -2*z + 5*i + 0 + 4 = 0, -4*z + 3*i + 8 = 0. Suppose -z*k - 3 = -89. Is k prime?
True
Let y(n) = -4*n**3 - 10*n**2 - 3*n - 4. Let c be y(8). Is (1/8*14)/((-7)/c) a prime number?
False
Let v = 1 + -1. Suppose v = -0*o + o - 8. Suppose -o = -t + 155. Is t composite?
False
Let p be 2/8 + (-9)/(-12). Let z(r) = 61*r**2 + 14*r**2 + 2*r + 5*r**2 - 1 + 32*r**2. Is z(p) composite?
False
Let k(x) = 21*x**2 - x - 5. Let g(j) be the third derivative of -j**4/24 - j**3/2 - j**2. Let h be g(0). Is k(h) a composite number?
True
Let m(f) = -3*f**2 + 4*f - 32. Let u(d) = -7*d**2 + 7*d - 63. Let v(w) = 7*m(w) - 4*u(w). Is v(13) a composite number?
True
Let s(u) = -u**2 - 12*u - 2. Let i(l) = l**2 + 11*l + 1. Let w(n) = -3*i(n) - 2*s(n). Let k be w(-4). Is 1863/21 + 6/k a prime number?
True
Suppose -4*a + v = -23, v + 1 = 2*v. Suppose -a*m = -11*m + 3*y + 284, -3*m + 156 = 3*y. Is m a prime number?
False
Is (6/9)/((-72)/(-1570644)) composite?
False
Let h(w) = 9*w - 24 - 24 - 20 + 174*w**2. Is h(5) a composite number?
False
Let o(f) = 5*f + 15. Let d be o(-2). Suppose d*k - 34141 = -5076. Is k a prime number?
True
Suppose 27180 = 5*q + n, 4*q - 2*n + 536 - 22294 = 0. Is q composite?
False
Let y(n) = -n**2 - 15*n + 18. Let w be y(-16). Suppose w + 15 = q. Let k = -14 + q. Is k prime?
True
Is ((-2)/(-8))/((-5)/(-12620)) composite?
False
Suppose t + 2*q - 7 = 0, q - 3 = -t + 2. Let f be t*(-1)/3 - 14. Let h(v) = 3*v**2 + 14*v + 6.